 5 + g*a - 13*a + 2*a. Calculate j(4).
1
Let h(s) = s**3 + 5*s**2 + 2*s - 1. Let f be -23 - (-2 - 7)/1. Suppose 38 = 3*z + 4*r + 3, 4*r + 1 = z. Let g be 2/(-15)*-3*(f + z). What is h(g)?
7
Let d(m) = -3*m**2 - 2*m + 4. Let j = -136 + 151. Suppose -z = -5*z + 12, -q - 2*z = -j. Suppose 3*h + q = -b, -h + 3*b - 6 = h. Calculate d(h).
-17
Let c(v) = -v**3 + 17*v**2 - 30*v + 6. Let s be 642/42 + 84/(-294). What is c(s)?
6
Let g(l) = -13*l**3 - 10*l**2 + 8*l + 49. Let w(m) = 11*m**3 + m**2 - 7*m - 49. Let p(o) = -6*g(o) - 7*w(o). What is p(-53)?
-4
Let s(b) = 323*b - 24. Let k(v) = 149*v - 11. Let c(w) = 13*k(w) - 6*s(w). Let j be (-1)/(-1)*-7 - -1. Give c(j).
7
Suppose -5*y + 4*d - 29 + 0 = 0, -4*d + 4 = 0. Let q(v) = -v**3 - 6*v**2 - 4*v + 9. Let z be q(y). Let a(m) = m**3 - 2*m**2 - 2*m + 3. Calculate a(z).
27
Let c(d) = 8*d - 4. Let y(q) = q. Let v = -508 + 511. Let l(t) = v*y(t) - c(t). Give l(-3).
19
Let m(s) = -7*s**2 + 33*s - 8. Let t(j) = -j**2 - 79*j - 955. Let n be t(-64). Determine m(n).
-18
Suppose -t + 3*t = -g + 1, -2*g + 5*t + 20 = 0. Let j be (-8)/6*36/24 - g. Let u(r) = -r**3 - 7*r**2 + 2*r + 7. Calculate u(j).
-7
Let u(d) = d**3 - 7*d**2 - 8*d + 7. Let t(q) = q**2 - 6*q + 3. Let b be t(6). Suppose -b = -6*g + 45. Give u(g).
7
Let y(o) = o**2 + 0 + 24*o - 4 - 14*o. Suppose -6*f - 10*f = 160. Determine y(f).
-4
Let b(x) = 3*x**3 + 2*x**2 - 1. Let p(y) = -y**2 + 10*y - 17. Suppose f = 16*f - 1695. Let l = 121 - f. Let k be p(l). What is b(k)?
-2
Let o(n) = -n**3 - 3*n**2 + 5*n + 7. Let w be (3/(-8))/(-3 + 275/88). What is o(w)?
-8
Suppose 70*f = -4*z + 68*f + 28, -2*z + 18 = 3*f. Let w(k) = k**2 - 53*k + 287. What is w(z)?
5
Let o(x) = x**3 - x**2 - x + 46. Let v be o(0). Suppose 4*a - i = -200, -3*a - 249 = 2*i - 88. Let t = v + a. Let j(h) = 2*h**2 + 8*h + 5. What is j(t)?
15
Let k(w) = 2*w**3 + 3*w**2 + w - 3. Let m = -57 + 55. What is k(m)?
-9
Let o(m) be the third derivative of -m**5/40 + 2*m**4/3 - 49*m**3/2 - 88*m**2. Let j(w) be the first derivative of o(w). Calculate j(7).
-5
Let v(s) = 3*s + 18. Let k = 3655 + -3661. What is v(k)?
0
Let i(l) = -l**3 - 8*l**2 - 3*l - 25. Suppose -4*s = 4*u - 60 - 132, -240 = -5*u - s. Suppose -4*h - u = -16. Calculate i(h).
-1
Suppose 0 = -13*r - 235 + 40. Let w be (-14)/35*5 - r. Let z(y) = 3*y - 14. Give z(w).
25
Let b = 2054 + -2037. Let k(v) = v**3 - 16*v**2 - 17*v - 14. Calculate k(b).
-14
Let f(i) = -4 - 4 + 10*i**2 + 6*i - 58*i**2 + 52*i**2 + 4*i**2 + i**3. Calculate f(-5).
37
Let d(j) = -69*j - 144. Let n(v) = -v**3 - 4*v**2 - 4*v - 3. Let l be n(-1). Calculate d(l).
-6
Let p = 0 - -2. Let z(x) be the second derivative of 57 - 1/3*x**4 + x + 0*x**3 + 1/20*x**5 + x**2. Give z(p).
-6
Let a(b) be the third derivative of -b**5/60 - b**4/8 + 4*b**3/3 + 10*b**2. Let g = -359 + 353. Give a(g).
-10
Suppose 41*y - 19110 = 15*y. Let c = -732 + y. Let s(o) = 3*o**2 + o + 3. Give s(c).
33
Let r(s) = -10*s + 2585*s**3 - 2586*s**3 - 20 - 18*s**2 - 9*s. Give r(-17).
14
Suppose 0 = 4*a - 3*a. Suppose -o = -14 + 12. Let c(f) = -f**o - 2 - f - 5 + f - f. Give c(a).
-7
Let u(k) = -2*k**2 + 9*k + 3. Let d be u(7). Suppose 54*s = -26*s + 2720. Let l = s + d. Let n(j) = -2*j**3. Give n(l).
-16
Let k = -80 - -80. Suppose 0 = -3*f - 3*r + 18, -6 = -k*f + 3*f - 5*r. Let g(a) = 5 + a + 2*a**2 - 4*a - 4 - f*a**2. What is g(-3)?
1
Suppose 30*t + 7 - 186 = 61. Let i(a) = a**3 - 14*a**2 + 48*a - 5. Calculate i(t).
-5
Let c = 797 - 810. Let p = 6 + c. Let t(f) = 4*f + 2*f + 0*f**2 + f**2. What is t(p)?
7
Let y be -1*(3 + 6 - 2). Let a = y - -14. Let f(b) = 4 + 15*b - a*b**2 + b - b**3 - 7*b. Determine f(-8).
-4
Let v(a) = 6*a - 47. Suppose -19*w = -15*w - 8, -4*y + 5*w + 18 = 0. Determine v(y).
-5
Suppose 5*a + 0 - 10 = 5*z, -3*z = 3*a. Let p(m) be the second derivative of -7 + 23*m + 1/3*m**3 + 1/6*m**4 + 1/2*m**2. Give p(z).
1
Let r be 11/(-44) - (-6 + (-204)/(-16)). Let o(y) be the third derivative of 1/6*y**3 + 0 + 7/24*y**4 + 1/60*y**5 - y**2 + 0*y. Determine o(r).
1
Let z(q) be the first derivative of 31*q**2 - 15*q - 360. Calculate z(2).
109
Let y = 5294 - 5269. Let d(v) = -3*v + 65. Determine d(y).
-10
Let h(r) = 3*r + 41. Suppose -198*f + 245*f = -393 - 312. Determine h(f).
-4
Let t be ((-44)/(-66))/((-8)/(-720)*-5). Let z(l) be the second derivative of l**4/6 + 25*l**3/6 + 9*l**2 - 2*l. What is z(t)?
6
Let d = 521 + -323. Suppose -7*f = 2*f - d. Let c(o) = 31 - 60 + o + f. Calculate c(6).
-1
Let u(o) be the first derivative of -o**2/2 - 8*o - 169. Let n = 124 + -132. What is u(n)?
0
Let d(p) = p**3 + 5*p**2 + 77*p + 387. Let b be d(-5). Let l(y) = 17*y + 10. Give l(b).
44
Suppose 0*d - 5*d = -15, 37 = 4*a - 5*d. Let h(j) = -8 + j + a - 5. Let t be -2 - (-3 + 0/(-2)). What is h(t)?
1
Let g(j) = -3*j**3 + 2*j**2 + 4. Let b be 336/196 + (-3 - (-46)/14). What is g(b)?
-12
Let f(m) = m**3 - 532*m + 1075*m - 15*m**2 - 530*m + 33. Calculate f(14).
19
Let g be (-1 - -4)/(-1) - 1*-7. Suppose -4*y + 21 + 3 = g*i, -3*i = -3*y + 6. Let r(w) = 2*w**3 - 6*w**2 + 8*w - 1. Give r(i).
7
Suppose -17 = -x - 4*h, 7*x + 3*h - 68 = 2*x. Let d(b) = -3*b - 5*b - 1 - 5*b**2 + 4*b**2 + 15*b + 6*b. Give d(x).
-1
Let l(b) = -b**2 + 2*b + 12. Let i be l(-3). Let d be 7/i + 2 - (-64)/(-96). Let g(t) = 8*t. What is g(d)?
-8
Let w = -2849 + 2853. Let c(l) = 3*l**2 - 6*l + 2. Calculate c(w).
26
Let u(l) = -l**3 - 4*l**2 - l. Let b be 134/2 - 3/((-1)/(-1)). Let y = 82 - b. Suppose -y = q - 5*w + 2*w, 0 = 3*q + 5*w - 16. What is u(q)?
-6
Let z(a) = 2*a**3 - 9*a**2 + 3*a. Suppose -65 = 25*w - 165. Determine z(w).
-4
Let t be ((-51)/(-15) + -3)*60. Let l be (-11)/t*-4 - (-2)/12. Let n(x) = -2*x**2 + 1. Let y(u) = 4*u**2 - 2. Let s(w) = -10*n(w) - 6*y(w). Give s(l).
-14
Let w(v) = -2*v. Suppose 5*h = -3*a + 23, -2*a - 9 = -h + 6. Suppose 8*u = u + h. What is w(u)?
-2
Let u(b) be the second derivative of -b**4/24 + b**3/6 - 8*b**2 + b + 12. Let c(g) be the first derivative of u(g). Calculate c(-2).
3
Let z(i) = 2*i + 6. Suppose 0 = -4*r - 4*r. Let p be (r + (-1)/(-3))/(2/(-24)). Let m be -2*(p + 5 - -3). Give z(m).
-10
Let g = 180571 - 180583. Let a(m) = 9*m**2 + 9 + 7 + m**3 + 14*m + 4*m**2. Give a(g).
-8
Let f(y) = 7*y - 431. Let n be f(61). Let v(g) be the second derivative of -3/2*g**2 + 4*g + 0 - 2/3*g**3. What is v(n)?
13
Let y(r) = 5*r**2 - 8*r - 6. Let v = 11798 - 11799. What is y(v)?
7
Let r(m) = 45*m + 1. Let d(s) = 33*s + 2. Let x(i) = -4*d(i) + 3*r(i). Give x(-3).
-14
Suppose -3*q - 10 = -z, -44*q + 39*q - 33 = -4*z. Let f(u) = u**3 - 8*u**2 + u - 10. What is f(z)?
-52
Suppose 3*u - 1 = -7, 112 = 5*f - u. Suppose f = 3*t - 17. Let w(v) = -2 + 18*v - 6*v + 0 + v**3 - t*v + 2*v**2. Calculate w(2).
12
Let m(w) = -27*w + 48. Suppose -21*g - 92*g + 174 = -26*g. What is m(g)?
-6
Let d(r) = -r**3 + r**2 - r - 1. Let u(c) = 9 - 2*c**3 - 3*c**2 - 2*c - 2 + 12*c**2 + c**3. Let n(z) = -2*d(z) + u(z). Suppose 10*g = 11*g + 7. Calculate n(g).
9
Let i be 0 - (7 + 20/(-4) - 5). Let t(z) = 4 + z**i - 10 + 6*z + 0*z**2 - 9*z**2. What is t(8)?
-22
Let i(h) = -h**2 - 3*h - 2. Let o(p) = 4*p**2 + 10*p + 6. Suppose 4 + 0 = -2*j. Let c(n) = j*o(n) - 7*i(n). Let w be 5 - (4 - 3) - 4. What is c(w)?
2
Suppose 432 = 17*a + 30*a + 25*a. Let d(x) = -2*x**2 - x - 12. Calculate d(a).
-90
Let o(v) = -111*v**2 - 5*v - 50. Let q(d) = 361*d**2 + 13*d + 151. Let u(c) = -13*o(c) - 4*q(c). Give u(14).
32
Suppose -3*n + 12 = 4*m - 2*m, 3*m - 2*n - 5 = 0. Let y be 8/(-16) - (-7)/2. Let w(k) = k**2 + 4*k**2 + 4 + 5*k - 2*k - 4*k**2 - k**y. Calculate w(m).
-5
Suppose n + o - 8 = 0, 4*n + 16 = 3*o + 48. Let g(k) = -211*k**2 + 11*k + 5. Let r(h) = 176*h**2 - 10*h - 6. Let j(t) = -5*g(t) - 6*r(t). Give j(n).
-13
Let c(m) = -m**2 + 5*m + 6. Let u(n) = 8*n - 60. Let w be u(4). Suppose 33 = -3*q + 138. Let a = w + q. Give c(a).
-8
Let r(j) be the first derivative of -2/3*j**3 - 1 - 3*j**2 + 5*j. Give r(-5).
-15
Suppose 4*a - 3*a - 14 = 0. Suppose 19*n - a*n = 10. Let s(m) = -2 - 4 - n - 1 + m. Give s(4).
-5
Let t(y) = -30*y**3 - 10*y**3 - 3*y - 3*y**3 + 40*y**3 - 3*y**3 - 5*y**2. Calculate t(-2).
34
Let c(l) = l**3 + 4*l**2 + l + 8. Let b(t) = -35*t + 1155. Let k be b(33). Calculate c(k).
8
Let w(i) = 2*i + 5. Let u be w(-5). Let m(f) be the first derivative of f**4/4 +